{"id":496,"date":"2024-01-26T21:28:22","date_gmt":"2024-01-26T21:28:22","guid":{"rendered":"https:\/\/tacsl.es\/pacientes\/?page_id=496"},"modified":"2024-01-30T11:08:13","modified_gmt":"2024-01-30T11:08:13","slug":"soporte","status":"publish","type":"page","link":"https:\/\/tacsl.es\/pacientes\/soporte\/","title":{"rendered":"Soporte"},"content":{"rendered":"\t\t<div data-elementor-type=\"wp-page\" data-elementor-id=\"496\" class=\"elementor elementor-496\" data-elementor-settings=\"[]\">\n\t\t\t<div class=\"elementor-inner\">\n\t\t\t\t<div class=\"elementor-section-wrap\">\n\t\t\t\t\t\t\t<section class=\"elementor-element elementor-element-0f4ea17 elementor-section-boxed elementor-section-height-default elementor-section-height-default elementor-section elementor-top-section\" data-id=\"0f4ea17\" data-element_type=\"section\" data-settings=\"{&quot;background_background&quot;:&quot;classic&quot;,&quot;sticky&quot;:&quot;top&quot;,&quot;sticky_on&quot;:[&quot;desktop&quot;,&quot;tablet&quot;,&quot;mobile&quot;],&quot;sticky_offset&quot;:0,&quot;sticky_effects_offset&quot;:0}\">\n\t\t\t\t\t\t<div class=\"elementor-container elementor-column-gap-default\">\n\t\t\t\t<div class=\"elementor-row\">\n\t\t\t\t<div class=\"elementor-element elementor-element-b3b95dd elementor-column elementor-col-100 elementor-top-column\" data-id=\"b3b95dd\" data-element_type=\"column\">\n\t\t\t<div class=\"elementor-column-wrap  elementor-element-populated\">\n\t\t\t\t\t<div class=\"elementor-widget-wrap\">\n\t\t\t\t<section class=\"elementor-element elementor-element-4ebbd6c elementor-section-boxed elementor-section-height-default elementor-section-height-default elementor-section elementor-inner-section\" data-id=\"4ebbd6c\" data-element_type=\"section\">\n\t\t\t\t\t\t<div class=\"elementor-container elementor-column-gap-default\">\n\t\t\t\t<div class=\"elementor-row\">\n\t\t\t\t<div class=\"elementor-element elementor-element-8d3f232 elementor-column elementor-col-25 elementor-inner-column\" data-id=\"8d3f232\" data-element_type=\"column\" onClick{=\"\" window.location.href = 'https:\/\/tacsl.es';=\"\" }=\"\">\n\t\t\t<div class=\"elementor-column-wrap  elementor-element-populated\">\n\t\t\t\t\t<div class=\"elementor-widget-wrap\">\n\t\t\t\t<div class=\"elementor-element elementor-element-b7efbe3 elementor-widget elementor-widget-image\" data-id=\"b7efbe3\" data-element_type=\"widget\" id=\"logo\" onClick='window.location.replace(\"https:\/\/tacsl.es\/\");'=\"\" data-widget_type=\"image.default\">\n\t\t\t\t<div class=\"elementor-widget-container\">\n\t\t\t\t\t<div class=\"elementor-image\">\n\t\t\t\t\t\t\t\t\t\t<img decoding=\"async\" src=\"https:\/\/tacsl.es\/pacientes\/wp-content\/uploads\/2022\/12\/Logo-TAC-blancosvg.svg\" title=\"Logo-TAC-blancosvg.svg\" alt=\"Logo-TAC-blancosvg.svg\" \/>\t\t\t\t\t\t\t\t\t\t\t<\/div>\n\t\t\t\t<\/div>\n\t\t\t\t<\/div>\n\t\t\t\t\t\t<\/div>\n\t\t\t<\/div>\n\t\t<\/div>\n\t\t\t\t<div class=\"elementor-element elementor-element-f9b423c elementor-column elementor-col-25 elementor-inner-column\" data-id=\"f9b423c\" data-element_type=\"column\">\n\t\t\t<div class=\"elementor-column-wrap\">\n\t\t\t\t\t<div class=\"elementor-widget-wrap\">\n\t\t\t\t\t\t<\/div>\n\t\t\t<\/div>\n\t\t<\/div>\n\t\t\t\t<div class=\"elementor-element elementor-element-19160f9 elementor-column elementor-col-25 elementor-inner-column\" data-id=\"19160f9\" data-element_type=\"column\">\n\t\t\t<div class=\"elementor-column-wrap\">\n\t\t\t\t\t<div class=\"elementor-widget-wrap\">\n\t\t\t\t\t\t<\/div>\n\t\t\t<\/div>\n\t\t<\/div>\n\t\t\t\t<div class=\"elementor-element elementor-element-0846314 elementor-column elementor-col-25 elementor-inner-column\" data-id=\"0846314\" data-element_type=\"column\">\n\t\t\t<div class=\"elementor-column-wrap\">\n\t\t\t\t\t<div class=\"elementor-widget-wrap\">\n\t\t\t\t\t\t<\/div>\n\t\t\t<\/div>\n\t\t<\/div>\n\t\t\t\t\t\t<\/div>\n\t\t\t<\/div>\n\t\t<\/section>\n\t\t\t\t<section class=\"elementor-element elementor-element-d0c000d elementor-section-boxed elementor-section-height-default elementor-section-height-default elementor-section elementor-inner-section\" data-id=\"d0c000d\" data-element_type=\"section\">\n\t\t\t\t\t\t<div class=\"elementor-container elementor-column-gap-default\">\n\t\t\t\t<div class=\"elementor-row\">\n\t\t\t\t<div class=\"elementor-element elementor-element-624989c elementor-column elementor-col-33 elementor-inner-column\" data-id=\"624989c\" data-element_type=\"column\">\n\t\t\t<div class=\"elementor-column-wrap\">\n\t\t\t\t\t<div class=\"elementor-widget-wrap\">\n\t\t\t\t\t\t<\/div>\n\t\t\t<\/div>\n\t\t<\/div>\n\t\t\t\t<div class=\"elementor-element elementor-element-244858d elementor-column elementor-col-33 elementor-inner-column\" data-id=\"244858d\" data-element_type=\"column\">\n\t\t\t<div class=\"elementor-column-wrap\">\n\t\t\t\t\t<div class=\"elementor-widget-wrap\">\n\t\t\t\t\t\t<\/div>\n\t\t\t<\/div>\n\t\t<\/div>\n\t\t\t\t<div class=\"elementor-element elementor-element-2261a8e elementor-column elementor-col-33 elementor-inner-column\" data-id=\"2261a8e\" data-element_type=\"column\">\n\t\t\t<div class=\"elementor-column-wrap  elementor-element-populated\">\n\t\t\t\t\t<div class=\"elementor-widget-wrap\">\n\t\t\t\t<div class=\"elementor-element elementor-element-61f28d8 elementor-widget elementor-widget-shortcode\" data-id=\"61f28d8\" data-element_type=\"widget\" data-widget_type=\"shortcode.default\">\n\t\t\t\t<div class=\"elementor-widget-container\">\n\t\t\t\t\t<div class=\"elementor-shortcode\"><\/div>\n\t\t\t\t<\/div>\n\t\t\t\t<\/div>\n\t\t\t\t\t\t<\/div>\n\t\t\t<\/div>\n\t\t<\/div>\n\t\t\t\t\t\t<\/div>\n\t\t\t<\/div>\n\t\t<\/section>\n\t\t\t\t\t\t<\/div>\n\t\t\t<\/div>\n\t\t<\/div>\n\t\t\t\t\t\t<\/div>\n\t\t\t<\/div>\n\t\t<\/section>\n\t\t\t\t<section class=\"elementor-element elementor-element-2241880c elementor-section-height-min-height elementor-section-full_width elementor-section-height-default elementor-section-items-middle elementor-section elementor-top-section\" data-id=\"2241880c\" data-element_type=\"section\" data-settings=\"{&quot;background_background&quot;:&quot;classic&quot;}\">\n\t\t\t\t\t\t<div class=\"elementor-container elementor-column-gap-default\">\n\t\t\t\t<div class=\"elementor-row\">\n\t\t\t\t<div class=\"elementor-element elementor-element-548d47c0 elementor-column elementor-col-100 elementor-top-column\" data-id=\"548d47c0\" data-element_type=\"column\">\n\t\t\t<div class=\"elementor-column-wrap  elementor-element-populated\">\n\t\t\t\t\t<div class=\"elementor-widget-wrap\">\n\t\t\t\t<section class=\"elementor-element elementor-element-4fec0c9 elementor-section-boxed elementor-section-height-default elementor-section-height-default elementor-section elementor-inner-section\" data-id=\"4fec0c9\" data-element_type=\"section\">\n\t\t\t\t\t\t<div class=\"elementor-container elementor-column-gap-default\">\n\t\t\t\t<div class=\"elementor-row\">\n\t\t\t\t<div class=\"elementor-element elementor-element-76f350e3 elementor-column elementor-col-33 elementor-inner-column\" data-id=\"76f350e3\" data-element_type=\"column\">\n\t\t\t<div class=\"elementor-column-wrap\">\n\t\t\t\t\t<div class=\"elementor-widget-wrap\">\n\t\t\t\t\t\t<\/div>\n\t\t\t<\/div>\n\t\t<\/div>\n\t\t\t\t<div class=\"elementor-element elementor-element-1367f5d1 elementor-column elementor-col-33 elementor-inner-column\" data-id=\"1367f5d1\" data-element_type=\"column\">\n\t\t\t<div class=\"elementor-column-wrap  elementor-element-populated\">\n\t\t\t\t\t<div class=\"elementor-widget-wrap\">\n\t\t\t\t<div class=\"elementor-element elementor-element-742baa6a elementor-widget elementor-widget-heading\" data-id=\"742baa6a\" data-element_type=\"widget\" data-widget_type=\"heading.default\">\n\t\t\t\t<div class=\"elementor-widget-container\">\n\t\t\t<h2 class=\"elementor-heading-title elementor-size-default\">SOPORTE \u00c1REA PACIENTES<br><\/h2>\t\t<\/div>\n\t\t\t\t<\/div>\n\t\t\t\t<div class=\"elementor-element elementor-element-cfa702b elementor-widget elementor-widget-heading\" data-id=\"cfa702b\" data-element_type=\"widget\" data-widget_type=\"heading.default\">\n\t\t\t\t<div class=\"elementor-widget-container\">\n\t\t\t<h2 class=\"elementor-heading-title elementor-size-default\">Preguntas frecuentes:<\/h2>\t\t<\/div>\n\t\t\t\t<\/div>\n\t\t\t\t<div class=\"elementor-element elementor-element-622b99e elementor-widget elementor-widget-text-editor\" data-id=\"622b99e\" data-element_type=\"widget\" data-widget_type=\"text-editor.default\">\n\t\t\t\t<div class=\"elementor-widget-container\">\n\t\t\t\t\t<div class=\"elementor-text-editor elementor-clearfix\"><p><span style=\"color: #ffffff;\"><strong><em>\u00bfQu\u00e9 es el \u00c1rea Paciente?<\/em><\/strong><\/span><\/p><p><span style=\"color: #ffffff;\">Es una l\u00ednea directa entre el paciente y los Centros TAC, con el fin de evitar llamadas telef\u00f3nicas para conocer sus citas o solicitar cambios en las mismas.<\/span><\/p><p><span style=\"color: #ffffff;\"><strong><em>\u00a0<\/em><\/strong><\/span><\/p><p style=\"text-align: center;\"><span style=\"color: #ffffff;\"><strong><em><span style=\"text-decoration: underline;\">Importante:<\/span> <\/em><\/strong><\/span><\/p><p><span style=\"color: #ffffff;\"><strong><em>Para entrar en el \u00c1rea Paciente es necesario identificarse con su DNI y m\u00f3vil.<\/em><\/strong><\/span><\/p><p><span style=\"color: #ffffff;\">Si ya es paciente de TAC, debe usar el DNI y n\u00famero m\u00f3vil que ha dado al centro al darse de alta<\/span><\/p><p><span style=\"color: #ffffff;\">Si no es paciente y quiere solicitar cita, recomendamos usar los datos que va a facilitar en el momento que le llame la operadora de TAC<\/span><\/p><p>\u00a0<\/p><p><span style=\"color: #ffffff;\"><strong><em>\u00a0<\/em><\/strong><\/span><\/p><p><span style=\"color: #ffffff;\"><strong><em>\u00bfIngresar al \u00c1rea Paciente significa que ya estoy registrado en TAC?<\/em><\/strong><\/span><\/p><p><span style=\"color: #ffffff;\">NO, el \u00c1rea Pacientes es s\u00f3lo para consultar\/modificar\/pedir sus citas en TAC. Si no es paciente nuestro, le llamar\u00e1 una operadora, le solicitar\u00e1 sus datos y le dar\u00e1 de alta a partir de ese momento.<\/span><\/p><p>\u00a0<\/p><p><span style=\"color: #ffffff;\"><strong><em>\u00a0<\/em><\/strong><\/span><\/p><p><span style=\"color: #ffffff;\"><strong><em>\u00bfPara ingresar puedo usar pasaporte o NIE?<\/em><\/strong><\/span><\/p><p><span style=\"color: #ffffff;\">Si nunca ha sido tratado en TAC y quiere solicitar una cita para usted o alguien cercano, puede usar pasaporte o NIE, pero recuerde que cuando le llame la operadora, debe dar el mismo n\u00famero de pasaporte o NIE, as\u00ed como el mismo n\u00famero de tel\u00e9fono con el que solicit\u00f3 la cita para poder tener acceso a sus citas a trav\u00e9s de la Web<\/span><\/p><p><span style=\"color: #ffffff;\">\u00a0<\/span><\/p><p><span style=\"color: #ffffff;\"><strong><em>\u00bfPuedo usar otro m\u00f3vil que no sea el m\u00edo?<\/em><\/strong><\/span><\/p><p><span style=\"color: #ffffff;\">Si quiere solicitar cita para alguien cercano, recomendamos usar el m\u00f3vil del interesado, que ser\u00e1 al que llame la operadora y el que aparecer\u00e1 registrado para acceder a las futuras citas.<\/span><\/p><p><span style=\"color: #ffffff;\">Recuerde que no estar\u00e1 dado de alta hasta que la operadora del Centro TAC solicitado le haya llamado.<\/span><\/p><p>\u00a0<\/p><p><span style=\"color: #ffffff;\">\u00a0<\/span><\/p><p><span style=\"color: #ffffff;\"><strong><em>\u00bfSi tengo problemas para ingresar c\u00f3mo puedo solucionarlo?<\/em><\/strong><\/span><\/p><p><span style=\"color: #ffffff;\">Si no consigue ingresar al \u00c1rea Pacientes porque olvid\u00f3 la contrase\u00f1a puede pinchar en Olvid\u00f3 su password? En ese caso le pedir\u00e1 nuevamente su n\u00famero de tel\u00e9fono y le enviar\u00e1 un nuevo c\u00f3digo.<br \/>Si a pesar de todo no consigue entrar, puede llamar a cualquier Centro TAC, encontrando los tel\u00e9fonos en nuestra web:<\/span><\/p><p style=\"text-align: center;\"><span style=\"color: #ffffff;\"> <a style=\"color: #ffffff;\" href=\"http:\/\/www.tacsl.es\"><span style=\"text-decoration: underline; color: #00ffff;\"><strong>www.tacsl.es<\/strong><\/span><\/a> <\/span><\/p><p><span style=\"color: #ffffff;\">o enviando un correo:<\/span><\/p><p><span style=\"color: #ffffff;\">\u00a0<\/span><\/p><\/div>\n\t\t\t\t<\/div>\n\t\t\t\t<\/div>\n\t\t\t\t<div class=\"elementor-element elementor-element-3c24aa8 elementor-widget elementor-widget-spacer\" data-id=\"3c24aa8\" data-element_type=\"widget\" data-widget_type=\"spacer.default\">\n\t\t\t\t<div class=\"elementor-widget-container\">\n\t\t\t\t\t<div class=\"elementor-spacer\">\n\t\t\t<div class=\"elementor-spacer-inner\"><\/div>\n\t\t<\/div>\n\t\t\t\t<\/div>\n\t\t\t\t<\/div>\n\t\t\t\t<div class=\"elementor-element elementor-element-6ef494a elementor-button-align-stretch elementor-widget elementor-widget-form\" data-id=\"6ef494a\" data-element_type=\"widget\" data-widget_type=\"form.default\">\n\t\t\t\t<div class=\"elementor-widget-container\">\n\t\t\t\t\t<form class=\"elementor-form\" method=\"post\" name=\"New Form\">\n\t\t\t<input type=\"hidden\" name=\"post_id\" value=\"496\"\/>\n\t\t\t<input type=\"hidden\" name=\"form_id\" value=\"6ef494a\"\/>\n\n\t\t\t\n\t\t\t<div class=\"elementor-form-fields-wrapper elementor-labels-above\">\n\t\t\t\t\t\t\t\t<div class=\"elementor-field-type-text elementor-field-group elementor-column elementor-field-group-name elementor-col-100 elementor-field-required elementor-mark-required\">\n\t\t\t\t\t<label for=\"form-field-name\" class=\"elementor-field-label\"> Nombre y Apellido<\/label><input size=\"1\" type=\"text\" name=\"form_fields[name]\" id=\"form-field-name\" class=\"elementor-field elementor-size-sm  elementor-field-textual\" required=\"required\" aria-required=\"true\">\t\t\t\t<\/div>\n\t\t\t\t\t\t\t\t<div class=\"elementor-field-type-email elementor-field-group elementor-column elementor-field-group-email elementor-col-50 elementor-field-required elementor-mark-required\">\n\t\t\t\t\t<label for=\"form-field-email\" class=\"elementor-field-label\"> Email<\/label><input size=\"1\" type=\"email\" name=\"form_fields[email]\" id=\"form-field-email\" class=\"elementor-field elementor-size-sm  elementor-field-textual\" required=\"required\" aria-required=\"true\">\t\t\t\t<\/div>\n\t\t\t\t\t\t\t\t<div class=\"elementor-field-type-text elementor-field-group elementor-column elementor-field-group-field_a2e59b4 elementor-col-50 elementor-field-required elementor-mark-required\">\n\t\t\t\t\t<label for=\"form-field-field_a2e59b4\" class=\"elementor-field-label\">Tel\u00e9fono<\/label><input size=\"1\" type=\"text\" name=\"form_fields[field_a2e59b4]\" id=\"form-field-field_a2e59b4\" class=\"elementor-field elementor-size-sm  elementor-field-textual\" required=\"required\" aria-required=\"true\">\t\t\t\t<\/div>\n\t\t\t\t\t\t\t\t<div class=\"elementor-field-type-select elementor-field-group elementor-column elementor-field-group-field_3f29fa2 elementor-col-50 elementor-field-required elementor-mark-required\">\n\t\t\t\t\t<label for=\"form-field-field_3f29fa2\" class=\"elementor-field-label\">Destino en TAC<\/label>\t\t<div class=\"elementor-field elementor-select-wrapper \">\n\t\t\t<select name=\"form_fields[field_3f29fa2]\" id=\"form-field-field_3f29fa2\" class=\"elementor-field-textual elementor-size-sm\" required=\"required\" aria-required=\"true\">\n\t\t\t\t<option value=\"web@tacsl.es\">Soporte<\/option>\t\t\t<\/select>\n\t\t<\/div>\n\t\t\t\t\t\t<\/div>\n\t\t\t\t\t\t\t\t<div class=\"elementor-field-type-textarea elementor-field-group elementor-column elementor-field-group-message elementor-col-100 elementor-field-required elementor-mark-required\">\n\t\t\t\t\t<label for=\"form-field-message\" class=\"elementor-field-label\">Consulta<\/label><textarea class=\"elementor-field-textual elementor-field  elementor-size-sm\" name=\"form_fields[message]\" id=\"form-field-message\" rows=\"4\" required=\"required\" aria-required=\"true\"><\/textarea>\t\t\t\t<\/div>\n\t\t\t\t\t\t\t\t<div class=\"elementor-field-type-acceptance elementor-field-group elementor-column elementor-field-group-field_2d37385 elementor-col-100\">\n\t\t\t\t\t<label for=\"form-field-field_2d37385\" class=\"elementor-field-label\">* He le\u00eddo y aceptado la pol\u00edtica de privacidad. [ACEPTAR]<\/label><div class=\"elementor-field-subgroup\"><span class=\"elementor-field-option\"><input type=\"checkbox\" name=\"form_fields[field_2d37385]\" id=\"form-field-field_2d37385\" class=\"elementor-field elementor-size-sm  elementor-acceptance-field\"> <\/span><\/div>\t\t\t\t<\/div>\n\t\t\t\t\t\t\t\t<div class=\"elementor-field-group elementor-column elementor-field-type-submit elementor-col-100\">\n\t\t\t\t\t<button type=\"submit\" class=\"elementor-button elementor-size-sm\">\n\t\t\t\t\t\t<span >\n\t\t\t\t\t\t\t\t\t\t\t\t\t\t\t<span class=\" elementor-button-icon\">\n\t\t\t\t\t\t\t\t\t\t\t\t\t\t\t\t\t\t\t\t\t\t\t\t\t\t<\/span>\n\t\t\t\t\t\t\t\t\t\t\t\t\t\t\t\t\t\t\t\t\t\t<span class=\"elementor-button-text\">Enviar consulta<\/span>\n\t\t\t\t\t\t\t\t\t\t\t\t\t<\/span>\n\t\t\t\t\t<\/button>\n\t\t\t\t<\/div>\n\t\t\t<\/div>\n\t\t<\/form>\n\t\t\t\t<\/div>\n\t\t\t\t<\/div>\n\t\t\t\t<div class=\"elementor-element elementor-element-e766f43 elementor-widget elementor-widget-heading\" data-id=\"e766f43\" data-element_type=\"widget\" data-widget_type=\"heading.default\">\n\t\t\t\t<div class=\"elementor-widget-container\">\n\t\t\t<h2 class=\"elementor-heading-title elementor-size-default\"><a href=\"https:\/\/tacsl.es\/politica-de-privacidad\/\">*Pol\u00edtica de privacidad y <br>protecci\u00f3n de datos<\/a><\/h2>\t\t<\/div>\n\t\t\t\t<\/div>\n\t\t\t\t<div class=\"elementor-element elementor-element-8720f38 elementor-headline--style-rotate elementor-widget elementor-widget-animated-headline\" data-id=\"8720f38\" data-element_type=\"widget\" data-settings=\"{&quot;headline_style&quot;:&quot;rotate&quot;,&quot;animation_type&quot;:&quot;typing&quot;}\" data-widget_type=\"animated-headline.default\">\n\t\t\t\t<div class=\"elementor-widget-container\">\n\t\t\t<a href=\"https:\/\/tacsl.es\/\">\t\t<h3 class=\"elementor-headline elementor-headline-animation-type-typing elementor-headline-letters\">\n\t\t\t\t\t\t\t<span class=\"elementor-headline-plain-text elementor-headline-text-wrapper\"><\/br> <i><i class='fas fa-sign-out-alt'><\/i> <\/i> <br\/><\/br>Salir de \u00e1rea paciente<\/br><\/br><\/br><\/span>\n\t\t\t\t\t\t<span class=\"elementor-headline-dynamic-wrapper elementor-headline-text-wrapper\"><\/span>\n\t\t\t\t\t<\/h3>\n\t\t<\/a>\t\t<\/div>\n\t\t\t\t<\/div>\n\t\t\t\t\t\t<\/div>\n\t\t\t<\/div>\n\t\t<\/div>\n\t\t\t\t<div class=\"elementor-element elementor-element-3281cd56 elementor-hidden-phone elementor-column elementor-col-33 elementor-inner-column\" data-id=\"3281cd56\" data-element_type=\"column\">\n\t\t\t<div class=\"elementor-column-wrap\">\n\t\t\t\t\t<div class=\"elementor-widget-wrap\">\n\t\t\t\t\t\t<\/div>\n\t\t\t<\/div>\n\t\t<\/div>\n\t\t\t\t\t\t<\/div>\n\t\t\t<\/div>\n\t\t<\/section>\n\t\t\t\t<section class=\"elementor-element elementor-element-528d0d2 elementor-section-boxed elementor-section-height-default elementor-section-height-default elementor-section elementor-inner-section\" data-id=\"528d0d2\" data-element_type=\"section\">\n\t\t\t\t\t\t<div class=\"elementor-container elementor-column-gap-default\">\n\t\t\t\t<div class=\"elementor-row\">\n\t\t\t\t<div class=\"elementor-element elementor-element-1709bb63 elementor-hidden-phone elementor-column elementor-col-33 elementor-inner-column\" data-id=\"1709bb63\" data-element_type=\"column\">\n\t\t\t<div class=\"elementor-column-wrap\">\n\t\t\t\t\t<div class=\"elementor-widget-wrap\">\n\t\t\t\t\t\t<\/div>\n\t\t\t<\/div>\n\t\t<\/div>\n\t\t\t\t<div class=\"elementor-element elementor-element-77504ad elementor-column elementor-col-33 elementor-inner-column\" data-id=\"77504ad\" data-element_type=\"column\">\n\t\t\t<div class=\"elementor-column-wrap  elementor-element-populated\">\n\t\t\t\t\t<div class=\"elementor-widget-wrap\">\n\t\t\t\t<div class=\"elementor-element elementor-element-40fec86e elementor-widget elementor-widget-spacer\" data-id=\"40fec86e\" data-element_type=\"widget\" data-widget_type=\"spacer.default\">\n\t\t\t\t<div class=\"elementor-widget-container\">\n\t\t\t\t\t<div class=\"elementor-spacer\">\n\t\t\t<div class=\"elementor-spacer-inner\"><\/div>\n\t\t<\/div>\n\t\t\t\t<\/div>\n\t\t\t\t<\/div>\n\t\t\t\t\t\t<\/div>\n\t\t\t<\/div>\n\t\t<\/div>\n\t\t\t\t<div class=\"elementor-element elementor-element-cf55ba9 elementor-column elementor-col-33 elementor-inner-column\" data-id=\"cf55ba9\" data-element_type=\"column\">\n\t\t\t<div class=\"elementor-column-wrap\">\n\t\t\t\t\t<div class=\"elementor-widget-wrap\">\n\t\t\t\t\t\t<\/div>\n\t\t\t<\/div>\n\t\t<\/div>\n\t\t\t\t\t\t<\/div>\n\t\t\t<\/div>\n\t\t<\/section>\n\t\t\t\t<div class=\"elementor-element elementor-element-7a9ffa2a elementor-widget elementor-widget-html\" data-id=\"7a9ffa2a\" data-element_type=\"widget\" data-widget_type=\"html.default\">\n\t\t\t\t<div class=\"elementor-widget-container\">\n\t\t\t\n <script> \n\n\n    function click_here(button_id)\n    {\n        \/\/alert(button_id);\n    if (button_id === 'entrada')\n    {\n    jQuery('this').digits_login_modal(jQuery(this));\n\treturn false;\n    } else if (button_id === 'entrada12') {\n    location.replace('https:\/\/www.tacsl.es');\n\treturn false;\n    }\n    }\n \n\n<\/script>\n\n <style>\n     body{\n         background-color: #343434;\n     }\n <\/style>\n\n\t\t<\/div>\n\t\t\t\t<\/div>\n\t\t\t\t\t\t<\/div>\n\t\t\t<\/div>\n\t\t<\/div>\n\t\t\t\t\t\t<\/div>\n\t\t\t<\/div>\n\t\t<\/section>\n\t\t\t\t\t\t<\/div>\n\t\t\t<\/div>\n\t\t<\/div>\n\t\t","protected":false},"excerpt":{"rendered":"<p>SOPORTE \u00c1REA PACIENTES Preguntas frecuentes: \u00bfQu\u00e9 es el \u00c1rea Paciente? Es una l\u00ednea directa entre el paciente y los Centros TAC, con el fin de evitar llamadas telef\u00f3nicas para conocer sus citas o solicitar cambios en las mismas. \u00a0 Importante: Para entrar en el \u00c1rea Paciente es necesario identificarse con su DNI y m\u00f3vil. Si&hellip; <a class=\"more-link\" href=\"https:\/\/tacsl.es\/pacientes\/soporte\/\">Seguir leyendo <span class=\"screen-reader-text\">Soporte<\/span><\/a><\/p>\n","protected":false},"author":1,"featured_media":0,"parent":0,"menu_order":0,"comment_status":"closed","ping_status":"closed","template":"page-cleanpage.php","meta":{"footnotes":""},"class_list":["post-496","page","type-page","status-publish","hentry","entry"],"_links":{"self":[{"href":"https:\/\/tacsl.es\/pacientes\/wp-json\/wp\/v2\/pages\/496","targetHints":{"allow":["GET"]}}],"collection":[{"href":"https:\/\/tacsl.es\/pacientes\/wp-json\/wp\/v2\/pages"}],"about":[{"href":"https:\/\/tacsl.es\/pacientes\/wp-json\/wp\/v2\/types\/page"}],"author":[{"embeddable":true,"href":"https:\/\/tacsl.es\/pacientes\/wp-json\/wp\/v2\/users\/1"}],"replies":[{"embeddable":true,"href":"https:\/\/tacsl.es\/pacientes\/wp-json\/wp\/v2\/comments?post=496"}],"version-history":[{"count":32,"href":"https:\/\/tacsl.es\/pacientes\/wp-json\/wp\/v2\/pages\/496\/revisions"}],"predecessor-version":[{"id":548,"href":"https:\/\/tacsl.es\/pacientes\/wp-json\/wp\/v2\/pages\/496\/revisions\/548"}],"wp:attachment":[{"href":"https:\/\/tacsl.es\/pacientes\/wp-json\/wp\/v2\/media?parent=496"}],"curies":[{"name":"wp","href":"https:\/\/api.w.org\/{rel}","templated":true}]}}